 (336/66 + -5))?
12
Calculate the remainder when 4689 is divided by (1 - (-2)/4)/(621/7038).
14
Suppose -3*a - 42 = 13*s - 16*s, 5*s + 4*a - 124 = 0. What is the remainder when (-2)/(-15) - (-2289)/45 is divided by s?
11
Let x(y) = -7*y**2 + 3*y + 1. Let w be x(-5). Let a = w + 303. What is the remainder when a is divided by (-544)/(-14) - ((-11)/(693/828) + 13)?
36
Let i(j) = j**2 + 3*j - 46. Suppose -588 = -3*a - 11*a. Let k = 33 - a. What is the remainder when 13 is divided by i(k)?
5
Suppose q + 2*w = -190, 2*q - 3*w = -0*w - 345. Calculate the remainder when q/(-27) - -2 - 1/(-3) is divided by 5.
4
Suppose 354 = 2*r + r + 3*u, 354 = 3*r + u. Let g = 31646 - 31620. Calculate the remainder when r is divided by g.
14
Suppose 49*i - 51*i = 14, -4*w + 5*i + 507 = 0. What is the remainder when 494 is divided by w?
22
Suppose -2*j = -178 - 370. What is the remainder when j is divided by (-31416)/(-456) - (-4)/38?
67
Let g = -6018 - -9586. Let m be g/(-144) + (-2)/9. Calculate the remainder when 90 is divided by -3 + (-5)/(m/130).
21
Suppose 457*v = 390*v + 78256. What is the remainder when 1169 is divided by v?
1
Let l(w) = -9*w - 51. Let x be (0 - (-2 - -1))/(12/(-132)). Calculate the remainder when l(x) is divided by 25.
23
Suppose -a + 0 + 41 = 2*h, 4*h + 275 = 5*a. What is the remainder when 250 - 0/(5 - 0) is divided by a?
46
Suppose 53*u - 6552 = 35*u. Calculate the remainder when 73 is divided by (6/7)/(78/u) + 21.
23
Calculate the remainder when 1152 is divided by (61/(-9))/(-1) + 2/9 - -59.
30
Let s be (-12)/(-18) - 309/(-9). Let t = 123 + s. What is the remainder when t/(-4)*(10 + -12) is divided by 8?
7
Let b = -15371 - -15457. Let o be (-2 + 1)*-1 - 2. What is the remainder when b is divided by 43 + -1 + (-2)/o?
42
Suppose 16*a + 14*a - 108 = 432. Calculate the remainder when 228 is divided by a.
12
Suppose -693 = -34*w - 13*w - 16*w. What is the remainder when 1174 is divided by w?
8
Let c = 766 - 664. Calculate the remainder when c is divided by 87.
15
Let a(v) = v + 2. Let t(c) = c**2 + 9*c - 9. Let r(q) = a(q) + t(q). What is the remainder when 3/(-2)*14*-3 is divided by r(-12)?
12
Suppose b + 88 = 4*t, 45*b = 3*t + 46*b - 59. Calculate the remainder when 1320 is divided by t.
18
Let t = -11 - -13. Suppose -t*q + 39 + 31 = 0. Suppose -j + 135 = -3. What is the remainder when j is divided by q?
33
Suppose 0 = 3*u + i - 35, 2*u - 44*i + 49*i = 45. Calculate the remainder when 62 is divided by u.
2
Suppose -5*t + 3*a = -0*t + 36, -2*t = -2*a + 16. Let q be (3 + (-21)/9)*t. What is the remainder when 57 is divided by (-10)/(q - (1 - 4))?
7
Let t = -6807 + 6899. What is the remainder when 2481 is divided by t?
89
Suppose 0 = 6*m + 14 - 14. Suppose -2*l - l - 96 = m. Let h = 71 + l. What is the remainder when h is divided by 21?
18
Let z(f) = 2*f**2 - 3 - 3*f**2 - 2*f**2 - f**2 + 6*f - 11*f**3 - 9*f. What is the remainder when z(-4) is divided by 25?
24
Let m(v) = -v**3 + 7*v**2 + 6*v - 64. Let p be m(6). Suppose -27*f = -p*f - 475. Calculate the remainder when 41 is divided by f.
16
Let l = 1077 + -979. Calculate the remainder when l is divided by 7.
0
Let h = 5491 - 5486. What is the remainder when 468 is divided by h?
3
Let y be (4/((-24)/51))/((-3)/6). Let r = y + -11. What is the remainder when 112 is divided by r?
4
Let d = 92 + -92. Suppose d = -4*z + 12*t - 17*t + 410, 506 = 5*z + 3*t. Calculate the remainder when z is divided by 26.
22
Let g(t) be the first derivative of -t**3/3 - 25*t**2/2 - 16*t - 13. Let n be g(-11). Suppose 3 = -3*i + n. Calculate the remainder when 178 is divided by i.
43
Let p(x) = -x**2 - 5*x + 8. Let i be p(-7). Let n(s) = -1106*s + 1099*s + 13*s**2 + 1 + 2*s**3 - 27. Calculate the remainder when n(i) is divided by 28.
24
Suppose -v - 4*p = -35, v - 11 = 2*p + 6. Let b be 1/(-3) + (368/24 - -12). Suppose b*s - 652 = v*s. Calculate the remainder when s is divided by 41.
40
Let f = 99 - 1. Let x(n) = 7*n**3 + 2*n**2 + 4*n + 2. Let r be x(-2). Let b = f + r. Calculate the remainder when b is divided by 16.
12
Let h(q) = 40*q**2 + 877*q - 7. Calculate the remainder when 207 is divided by h(-22).
30
Calculate the remainder when 1899 is divided by (20415 + -5)/65*(-1*1 - -3).
15
Suppose 3*y - 2 = v, 2*y - 4*y - 2*v + 12 = 0. Suppose -2*g + 28 = y*g. Calculate the remainder when g is divided by 6/(-9)*(-18)/3.
3
Let a = -466 + 960. Suppose a*v = 488*v + 2274. What is the remainder when v is divided by 95?
94
Suppose -22*v = -200 - 350. What is the remainder when 1371 is divided by v?
21
What is the remainder when (-1)/((-11)/26336) + 5312/(-176) + 30 is divided by 30?
24
Let r(t) be the first derivative of -t**3 + 15 + 1/4*t**4 - 11/2*t**2 + 14*t. Calculate the remainder when r(6) is divided by 20.
16
Let j(w) = 1382*w + 12517. What is the remainder when 1655 is divided by j(-9)?
75
Suppose -88*p = -79*p - 27. Suppose -3*h = -n + 12, -39 = -5*n + p*h + 57. What is the remainder when 73 is divided by n?
10
Let s(u) be the first derivative of u**4/2 + 50*u**3/3 + 24*u**2 + 30*u + 37. Calculate the remainder when 104 is divided by s(-24).
14
Suppose -88*a + 31734 = 68*a - 138*a. Calculate the remainder when a is divided by 18.
17
Let l = -293 + 289. Calculate the remainder when 97 is divided by (17/l)/(285/36 + -8).
46
Let f be (-3)/(((-84)/(-15995))/(-4)). Suppose -4*w + 3*k + 1824 = 0, -5*w + 9*k = 4*k - f. What is the remainder when w is divided by 19?
16
Let q = 30 + -28. Let m = 92 + -89. Suppose t - q = 0, m*t = -3*k + 18 + 36. What is the remainder when 78 is divided by k?
14
Let j = 1698 - 1285. Calculate the remainder when j is divided by 6.
5
Let b(j) = 312*j - 1449. What is the remainder when 340 is divided by b(5)?
7
Let u = 7787 + -7766. Calculate the remainder when 2489 is divided by u.
11
Suppose -190*s - 48917 + 321757 = 0. Calculate the remainder when s is divided by 48.
44
Suppose i - 3109 = -8*r + 7*r, 2*i = 4. What is the remainder when r is divided by 35?
27
What is the remainder when ((-1)/(-2))/(139/1115058) is divided by 59?
58
Let z = -1417 - -1431. Calculate the remainder when 2504 is divided by z.
12
Let b(f) = f**2 + 28*f + 466. What is the remainder when b(-13) is divided by 57?
43
Suppose -267 + 271 = -v, 4*q = -2*v + 484. What is the remainder when q is divided by 50?
23
Suppose 0 = 1008*k - 1026*k + 93654. Calculate the remainder when k is divided by 18.
1
What is the remainder when 2 + ((-167)/(-3))/((-154)/(-462)) is divided by 2?
1
Let d = 319 + -315. Suppose 2*r + 6 = -f + 59, -d*f + 30 = r. What is the remainder when 49 is divided by r?
23
What is the remainder when 6731 is divided by (-4 + 28)/(8/6)?
17
Let u(p) = 27*p + 277. What is the remainder when 299 is divided by u(-8)?
55
Suppose p + 16 = 3*x - p, -3*p - 7 = 4*x. Suppose 8 = x*z - 16. Suppose -3*c = -0*c - 102. Calculate the remainder when c is divided by z.
10
Suppose 21*b + b - 4*b - 9072 = 0. What is the remainder when b is divided by 135?
99
Calculate the remainder when 1937 is divided by (-48)/(-168) - (-33345)/35.
31
Let c(v) = 8*v**2 + 4*v - 1. Calculate the remainder when (142140/96)/23 - 7/(56/3) is divided by c(-2).
18
Suppose -15*j + 11*j + 104 = 0. Let l be j/182 - (377/7)/(-1). Let h = l + -28. Calculate the remainder when 76 is divided by h.
24
Suppose -3672 = -22*j + 4644. Let k = j + -373. What is the remainder when k is divided by 4?
1
Let r = 15929 - 15893. Suppose 5*h = 2*u - 698, 0*h - h = -5*u + 1791. What is the remainder when u is divided by r?
35
Let f = -19110 + 20521. Calculate the remainder when f is divided by 367.
310
What is the remainder when 150/8*(10 - (0 - (-696)/(-36))) is divided by 148?
106
Let k = 8805 + -7235. Calculate the remainder when k is divided by 13.
10
Calculate the remainder when 5873 is divided by (22 + (-45)/(-2))/(1/2).
88
Let a = 180 + -170. Let i(u) = 3*u**2 - 27*u + 34. What is the remainder when 124 is divided by i(a)?
60
Let u be (73 + 2)*4/10. Let p be (-3 - 105/(-14))/((-9)/(-60)*5). Suppose 0 = p*w - 0*w - u. Calculate the remainder when 34 is divided by w.
4
Let y(u) = -3028*u - 112030. What is the remainder when y(-37) is divided by 1 + 1*-1 + 3?
0
Let d = -11 - -54. Suppose -310 = 2*r + 4*b - 8, -b - 156 = r. Let q = r - -176. Calculate the remainder